 Let j be d(16). Suppose j = 4*m + 5*n, 8*m - 3*m + 2*n = 861. What is the units digit of m?
1
Let p = 965 - 963. Let y = 1 + -9. What is the units digit of (y/3*-15)/p?
0
Let g(b) = -28*b - 119. What is the hundreds digit of g(-15)?
3
Let s = 600 - 165. What is the units digit of s?
5
Suppose 2*g + 7280 = 12*g. What is the tens digit of g?
2
Let k(r) = -r**3 - 6*r**2 + 6*r + 8. Let t be (37 - -2)/3 - 0. Let d = -20 + t. What is the tens digit of k(d)?
1
Let g(p) = p**3 - 7*p**2 + 2*p + 6. Let s be g(6). Let y be -11*((-9 - -3) + 3). Let f = s + y. What is the tens digit of f?
1
Suppose 343 = 6*q - 5213. What is the tens digit of q?
2
Let r(v) = -2*v**2 - 4*v - 8. Let z(h) = 5*h**2 + 7*h + 16. Let d(m) = 7*r(m) + 3*z(m). Let y be d(8). Suppose y = 9*l - 6*l - 45. What is the tens digit of l?
1
Let j = 1659 - 758. What is the hundreds digit of j?
9
Let u = -304 + 653. What is the hundreds digit of u?
3
Let d(g) = -g**3 + 7*g**2 + 9. Let v = -38 - -59. Suppose 2*i + i = v. What is the units digit of d(i)?
9
Let y = 15 - -7. Let v = y + 4. What is the units digit of v?
6
Let g be 12/3*5/4. Suppose s = 4*s + 4*k - 377, 0 = 5*s - g*k - 640. What is the tens digit of s?
2
What is the units digit of 4 - (-2)/(233/77 - 3)?
1
Let u(w) = 2*w**2 + 6*w - 29. Let o = 23 - 32. What is the tens digit of u(o)?
7
Let b = -2630 + 4340. What is the tens digit of b?
1
Let c = 27 + -20. Suppose c*o = 8*o - 3. What is the tens digit of o/(-7 + 4) - -35?
3
Let q = 42 + -24. Let d = -16 + q. Suppose 3*g + 0*r = -2*r + 80, 0 = -g + d*r + 40. What is the units digit of g?
0
Suppose -22*s = -19737 + 795. What is the tens digit of s?
6
Let h(w) = 90*w + 595. What is the hundreds digit of h(31)?
3
Let j be (-155)/(-10)*4/(-2). Let p = j + 36. Suppose p*t = 2*o - 180, 2*o - 2*t + 0*t - 168 = 0. What is the units digit of o?
0
Let j(c) = 2*c - 8. Let x be j(5). Suppose -x*d + 7 = -d. Let v(h) = 5*h - 3. What is the tens digit of v(d)?
3
Let q be ((-395)/4)/((-3)/(-96)*8). Let m = -231 - q. What is the hundreds digit of m?
1
Let t(a) = -2*a**2 + 9*a + 4. Let p be t(8). Let h = -34 - p. Let d = 7 + h. What is the units digit of d?
5
Let z = -29 + 4. Let o = z + 30. Suppose 2*s - 149 = -s + 2*y, -s = -o*y - 28. What is the tens digit of s?
5
Let l be 1/2 + 6/4. Suppose 12 = 5*b - v, 0 - l = v. Suppose 4*a = -4, -b*p + 0 = 3*a + 1. What is the units digit of p?
1
Suppose 17 - 14 = b. Let w(x) = -25*x**3 + x**2 + x. Let f be w(-1). Let k = f + b. What is the units digit of k?
8
Let z = -22 - 2. Let f = 50 + z. What is the units digit of f?
6
Let q(s) = s - 4. Let u be q(14). Suppose -42 = 7*k - u*k. Suppose -o + 20 = 7*d - 2*d, -2*d = -4*o + k. What is the units digit of o?
5
What is the hundreds digit of (3314/2)/(-2 + 4 + -1)?
6
Suppose 0 = 4*i + 5*k + 24, -5*i - 2*k - 30 = 3*k. Let a be (-27)/i*(-2)/(-3). What is the units digit of (a + -1)*(-456)/(-16)?
7
Suppose -5*f - 140 = -9*f. Let r be ((-84)/f)/(2/820). What is the tens digit of (-2)/(-6) - r/18?
5
Let q(y) = 66*y + 409. What is the tens digit of q(-5)?
7
Let w be (-7)/((-70)/(-4)) - (-4881)/15. Suppose 55 - w = -5*q. What is the tens digit of q?
5
What is the tens digit of 31776/6*4/8?
4
Suppose -90 = -3*f + 4*k, -k = 2*f + 12 - 61. Suppose -98 = -2*q - f. Suppose 0 = -4*u - i + 23 + q, 0 = i - 3. What is the tens digit of u?
1
Suppose -5*r = 3*m + 1, 3*m = -5*r + 6*m + 11. Suppose 4*u + r = 9. Suppose 4*w = a - 2, -4*a + 12 = -3*a - u*w. What is the tens digit of a?
2
Let x(c) = 4*c + 3. Let k(i) = 7*i + 7. Suppose 0*u - 7 = u + v, 6 = -3*v. Let q(f) = u*x(f) + 3*k(f). What is the units digit of q(7)?
3
Let t be ((-35)/14 - (0 + 3))*-202. Suppose 5*d - 474 = t. What is the units digit of d?
7
Let a(v) = -v**3 + 3*v**2 - v + 1. Let f be a(2). Suppose 0 = 13*d - 14*d + 4. Suppose -24 = f*x - d*x. What is the units digit of x?
4
Let b(n) = 54*n**2 + 17*n + 15. What is the tens digit of b(6)?
6
Let c = 60 + -83. Let y = c + 152. What is the units digit of y?
9
Suppose 4*m = y + 269, 0*y - 2*y - 4*m - 490 = 0. Let u = 385 + y. Suppose 0*b - 4*b + u = 0. What is the tens digit of b?
3
Let k(a) be the first derivative of a**6/360 - 7*a**5/120 - 5*a**4/24 - a**3/3 + 3. Let d(g) be the third derivative of k(g). What is the units digit of d(8)?
3
What is the thousands digit of (-6 + 76713/(-84))/((-2)/8)?
3
Let z(r) = 2*r**2 + 10*r + 10. What is the hundreds digit of z(14)?
5
What is the tens digit of 240/(-135)*-1623 - (-1)/(-3)?
8
What is the units digit of ((-4251)/52)/(2 + 582/(-288))?
4
Let g = -91 - -91. Suppose -2*n = -g*n - 162. What is the tens digit of n?
8
Suppose 24 = 11*p + p. What is the units digit of p/6 - (-356)/3?
9
Let j(p) = p - 4. Let x be j(6). Let a = 1 - 4. What is the tens digit of a/x*2 - -51?
4
Suppose -b + 6*b = 2450. What is the tens digit of b?
9
Suppose -3*n = -5*u + 6514, -n + 3*n + 1300 = u. Suppose 25*k - 29*k = -u. What is the units digit of k?
6
Let u(i) = i**2 + 5*i + 4. Let r be u(-4). Suppose r = 2*l - 8, -2*n + 3*l - 8*l = -100. What is the units digit of n?
0
Suppose 3*l = 7*l - 16. Suppose 0 = l*w - w - 666. What is the tens digit of w?
2
Suppose 0 = 7*g - 6*g - 2. Suppose -4*n = -8*a + 3*a - 13, 23 = g*n + 3*a. What is the units digit of n?
7
Suppose -4*k + 4*m = 8, 5*k + 3*m + m = -10. What is the units digit of (k - -5) + (-3)/((-3)/130)?
3
Let k(l) = -599*l**3 - 10*l**2 - 9*l. What is the thousands digit of k(-2)?
4
Let p(o) = -o**3 + 10*o**2 - 7*o - 16. Let z be p(9). Let v = 15 + -3. What is the tens digit of 18*v/16*z?
2
Let b = 60 - -42. What is the hundreds digit of b?
1
Suppose 4*w - 2256 = 4*o, -2*o + 693 = 3*w - 984. What is the units digit of w?
1
Suppose 0 = 2*q - 6, -104 = -7*i + 2*i + 2*q. What is the units digit of (-2*i + 3)/(-1)?
1
Let w(d) = -d**2 + 8*d - 4. Let o be w(7). Let g(v) = 2*v - 4. What is the units digit of g(o)?
2
Let h(c) = -1 - 19*c - 1 - 4 + 8. Let z(s) = -37*s + 4. Let o(q) = 11*h(q) - 6*z(q). What is the units digit of o(2)?
4
What is the tens digit of 212*(9 + 60/(-8))?
1
Let w(y) = 293*y**2 + 4*y + 1. Let q(b) = -b**3 + 11*b**2 - 9*b - 11. Let t be q(10). What is the hundreds digit of w(t)?
2
Let p be ((127 - -2)/(-3))/(1*-1). Let o = p + -11. What is the units digit of o?
2
Suppose 3*x + 13 = 4*b, -x + 4*x = -2*b + 11. Let m(a) = 12*a**3 - a**2 + 1. What is the tens digit of m(x)?
1
Let p(j) = 9*j**2 + 4*j - 7. What is the units digit of p(-3)?
2
Suppose -18*j + 21*j = 2895. What is the tens digit of j?
6
Let m(f) = 737*f + 8. What is the tens digit of m(1)?
4
Let n(u) be the first derivative of 7*u**3/3 - 2*u**2 - 3*u + 1. Let d be n(6). Suppose 6*p = 87 + d. What is the tens digit of p?
5
Let d(u) be the first derivative of 3*u**2/2 + 6*u + 2. What is the tens digit of d(6)?
2
Suppose 14*x - 1742 = 2416. What is the tens digit of x?
9
Let u(s) = 2*s**2 - 7*s + 8. Let x be u(5). Suppose x*z - 19*z = 228. What is the units digit of z?
7
Suppose -3*n + 4*n - 84 = 0. Let b = n + -39. What is the units digit of b?
5
Let g(c) = -c**2 + 3*c - 1. Let s be g(0). Suppose 2*n + 0*n = -2. What is the units digit of (s + n)/(22/(-319))?
9
Let x(o) = -o**3 + 11*o**2 + 5*o - 15. Suppose 49 = 4*u - 3*f + 4*f, -3*u + 13 = -4*f. What is the tens digit of x(u)?
4
Let d(j) = 4 - j**2 + 5 + 0*j**2 - 6*j. Let i be d(-7). What is the units digit of 3/i*20/6?
5
Let r(l) = -54*l - 119*l + 222*l - 10. What is the tens digit of r(2)?
8
Let j be (-1)/(0 + 1/(-11)). Suppose -13*r + j*r = -52. Let n = r - 12. What is the tens digit of n?
1
Suppose 2*k = u + 174, 0 = 4*u - 0*u. What is the units digit of k?
7
Let i = 1776 + 188. What is the thousands digit of i?
1
Suppose -8*a + 36 + 4 = 0. Suppose -883 + 111 = -4*z - 3*y, -y + 4 = 0. Suppose -2*i + 64 = 4*t, 0 = 8*i - 3*i - a*t - z. What is the tens digit of i?
3
Let z(q) = -q**3 + 11*q**2 - 11*q + 13. Let y be z(10). Suppose 0 = 7*v - y*v - 236. What is the units digit of v?
9
Suppose -3372 = -11*z - z. Let v = 464 - z. What is the tens digit of v?
8
Let o(v) = 26*v - 1. Let g(s) = -s**2 - 6*s - 4. Let b be g(-5). What is the tens digit of o(b)?
2
Let x(k) = 13*k + 7. Let w(p) = -13*p - 6. Let j(d) = 4*w(d) + 5*x(d). What is the units digit of j(5)?
6
Let b = 5 + -2. Suppose -b*o - 3*w = -120, 2*w = 4*w - 2. Suppose 